1.
14a7
Convert 19420 (base 14) to base 9.
106616
What is -2737 (base 12) in base 5?
-121012
Convert -b9b (base 14) to base 6.
-14341
What is -105555 (base 7) in base 15?
-588c
432212 (base 6) to base 8
105260
Convert -20110 (base 4) to base 3.
-201201
What is 200110 (base 3) in base 11?
413
What is -101120 (base 5) in base 16?
-cd5
Convert 45 (base 8) to base 4.
211
What is 454 (base 9) in base 2?
101110101
Convert -20003 (base 9) to base 8.
-31505
Convert -9017 (base 10) to base 12.
-5275
Convert 2129 (base 10) to base 16.
851
14784 (base 14) to base 8
143300
Convert 211112102 (base 3) to base 12.
960b
What is -1b5 (base 13) in base 15?
-162
Convert 334156 (base 7) to base 2.
1110011011001110
Convert -116c (base 13) to base 7.
-10106
Convert 2202 (base 3) to base 9.
82
What is -10020212 (base 3) in base 2?
-100101000100
What is 11102 (base 6) in base 16?
60e
Convert 0 (base 5) to base 4.
0
Convert 23014 (base 7) to base 16.
16d2
Convert 13130 (base 4) to base 15.
21b
Convert 3377 (base 16) to base 15.
3d85
What is -11200202 (base 3) in base 16?
-d5e
What is 10000112 (base 3) in base 11?
1721
What is -5ae0 (base 16) in base 11?
-1652a
What is -287 (base 12) in base 5?
-3031
What is -18d (base 15) in base 12?
-25a
Convert -2003 (base 6) to base 9.
-533
What is -236a (base 11) in base 6?
-22205
Convert 12525 (base 7) to base 2.
110100010111
Convert -1565 (base 9) to base 12.
-835
What is e6a (base 16) in base 8?
7152
What is -209 (base 11) in base 4?
-3323
100110011010 (base 2) to base 10
2458
What is 908a (base 11) in base 16?
2f2d
57140 (base 8) to base 9
36124
What is -11330020 (base 4) in base 5?
-1234303
What is 2310032 (base 5) in base 9?
62542
Convert -5114 (base 7) to base 8.
-3357
Convert -143 (base 14) to base 16.
-ff
What is -45 (base 12) in base 4?
-311
What is 101100010001 (base 2) in base 16?
b11
What is -12130 (base 5) in base 6?
-4123
Convert 12036 (base 7) to base 12.
1976
What is -535 (base 7) in base 14?
-155
-2b2b (base 13) to base 16
-1892
What is 112201120 (base 3) in base 14?
3caa
Convert 1a0a (base 11) to base 9.
3444
Convert -ba7 (base 12) to base 15.
-791
467 (base 8) to base 15
15b
847 (base 16) to base 14
ab5
Convert 59 (base 16) to base 12.
75
What is -15022 (base 10) in base 16?
-3aae
Convert 11111100101 (base 2) to base 13.
bc6
What is 1176 (base 9) in base 6?
4023
Convert -11372 (base 9) to base 3.
-101102102
1010001100101 (base 2) to base 12
3031
-399 (base 13) to base 9
-773
10242 (base 11) to base 16
3a51
Convert 63 (base 7) to base 16.
2d
What is -2227 (base 8) in base 14?
-5dd
What is -132 (base 10) in base 4?
-2010
Convert -11438 (base 11) to base 7.
-66045
Convert -42 (base 16) to base 12.
-56
What is 140402 (base 5) in base 14?
2131
1283 (base 10) to base 7
3512
Convert 9d88 (base 15) to base 11.
2312a
146427 (base 8) to base 3
2200000120
749c (base 13) to base 5
1004214
What is -101111001 (base 2) in base 7?
-1046
-5102 (base 9) to base 6
-25132
61 (base 9) to base 14
3d
What is 10111100011 (base 2) in base 13?
8bc
What is -14403 (base 5) in base 14?
-63a
974 (base 13) to base 11
123a
What is -113 (base 7) in base 4?
-323
Convert -100010110111 (base 2) to base 10.
-2231
Convert -143 (base 11) to base 16.
-a8
What is -827a (base 13) in base 2?
-100011001011111
-10000111101 (base 2) to base 3
-1111012
Convert -30a (base 11) to base 4.
-11311
2733 (base 13) to base 5
134434
What is 110101100 (base 2) in base 10?
428
4325 (base 11) to base 4
1121102
2410 (base 14) to base 8
14216
Convert -200022 (base 3) to base 8.
-756
-2092 (base 13) to base 3
-20012011
What is -2987 (base 13) in base 2?
-1011110001010
Convert 138bb (base 12) to base 13.
c506
What is -163a5 (base 12) in base 15?
-95ab
1683 (base 13) to base 7
12450
887 (base 12) to base 4
103213
Convert 4010 (base 11) to base 14.
1d31
4544 (base 8) to base 2
100101100100
-4302 (base 5) to base 9
-711
489 (base 10) to base 14
26d
Convert 11121110 (base 3) to base 5.
101420
Convert 786 (base 10) to base 6.
3350
4053 (base 11) to base 3
21101100
Convert -24662 (base 7) to base 10.
-6512
Convert 3a (base 16) to base 6.
134
Convert 31324 (base 5) to base 8.
4051
2c65 (base 16) to base 11
85a2
Convert 6683 (base 11) to base 9.
13061
Convert -30213 (base 4) to base 16.
-327
-201 (base 5) to base 11
-47
What is 39d3 (base 15) in base 14?
4700
Convert 6166 (base 7) to base 2.
100001101011
-10032 (base 5) to base 3
-212210
1056 (base 10) to base 14
556
What is -21101100 (base 4) in base 9?
-57066
What is 18f (base 16) in base 6?
1503
Convert 155302 (base 6) to base 4.
3301112
Convert -16 (base 11) to base 8.
-21
16807 (base 10) to base 9
25044
Convert 41004 (base 5) to base 12.
1631
What is 13a2b (base 13) in base 14?
d623
-11678 (base 11) to base 12
-9867
What is 2cbc (base 16) in base 6?
125004
1111001101001100 (base 2) to base 9
104384
Convert 1220 (base 7) to base 8.
707
Convert 1117 (base 9) to base 13.
4b7
Convert -239 (base 13) to base 5.
-3021
2164 (base 13) to base 9
6331
Convert -41322 (base 5) to base 13.
-1308
899 (base 13) to base 9
2022
113a3 (base 12) to base 15
6c49
Convert -3110 (base 4) to base 3.
-21212
What is 17c (base 15) in base 12?
246
Convert -443351 (base 6) to base 4.
-21003103
1000110101111011 (base 2) to base 16
8d7b
-178a (base 11) to base 4
-203210
32301 (base 5) to base 6
14105
1da2 (base 14) to base 15
1924
What is a834 (base 11) in base 15?
4395
Convert 100000000110010 (base 2) to base 14.
5dbc
What is 894 (base 13) in base 15?
683
Convert -1477 (base 10) to base 9.
-2021
Convert 17d (base 15) to base 11.
292
Convert 20463 (base 8) to base 14.
3151
What is -434014 (base 5) in base 4?
-3220210
42265 (base 7) to base 13
4999
What is 120220 (base 3) in base 7?
1152
What is -11111100 (base 2) in base 6?
-1100
Convert -10111221 (base 4) to base 5.
-1032034
Convert 3432 (base 9) to base 7.
10256
What is 71692 (base 10) in base 5?
4243232
-1101010 (base 2) to base 10
-106
Convert -557 (base 10) to base 6.
-2325
-112102120 (base 3) to base 5
-314033
What is -1040 (base 10) in base 7?
-3014
What is -123243 (base 5) in base 3?
-20121122
What is 157a5 (base 13) in base 2?
1001111110100000
What is -541 (base 6) in base 2?
-11001101
-10b9 (base 12) to base 16
-74d
352 (base 8) to base 9
280
Convert -10936 (base 11) to base 16.
-3d99
What is 1110010110110 (base 2) in base 11?
5582
Convert -2336 (base 8) to base 2.
-10011011110
220221212 (base 3) to base 15
55ce
What is 6b (base 14) in base 3?
10112
What is -18a1 (base 11) in base 12?
-148a
What is e28 (base 15) in base 4?
301310
Convert -24a0 (base 15) to base 16.
-1e78
-697 (base 12) to base 2
-1111010011
1616 (base 7) to base 14
346
1c5b (base 16) to base 12
424b
Convert -3747 (base 12) to base 11.
-476a
Convert -14f8 (base 16) to base 6.
-40504
What is 3514 (base 10) in base 7?
13150
-3563 (base 7) to base 14
-6a3
-8d3 (base 14) to base 16
-6d9
What is -66b (base 12) in base 8?
-1663
-314404 (base 5) to base 16
-296c
What is -475 (base 15) in base 13?
-5c9
Convert 1547 (base 11) to base 13.
b9b
What is -3104 (base 5) in base 7?
-1115
Convert -270 (base 8) to base 5.
-1214
What is -9c1 (base 13) in base 16?
-68e
What is 3bc8 (base 14) in base 4?
2211010
Convert -1500 (base 6) to base 14.
-204
Convert -121 (base 7) to base 6.
-144
What is 322 (base 10) in base 16?
142
7a52 (base 12) to base 2
11010100011110
What is 25749 (base 12) in base 2?
1100011111101001
What is -296 (base 15) in base 2?
-1001001111
What is 20120 (base 3) in base 4?
2301
What is -4ea9 (base 15) in base 12?
-9889
What is -11314 (base 6) in base 15?
-73a
fdd5 (base 16) to base 7
360310
Convert -6a4 (base 11) to base 3.
-1011010
17014 (base 10) to base 12
9a1a
-330200 (base 5) to base 6
-124152
What is 461 (base 14) in base 2?
1101100101
-124353 (base 6) to base 2
-10110001101101
What is -63635 (base 9) in base 16?
-a457
What is -21201210 (base 3) in base 14?
-20a9
33203132 (base 4) to base 2
1111100011011110
What is 18b3 (base 13) in base 2?
111001101111
-1800 (base 10) to base 4
-130020
-10111000000 (base 2) to base 12
-a28
Convert 3010 (base 5) to base 13.
233
Convert -136 (base 8) to base 13.
-73
111123 (base 5) to base 13
1a20
What is 154124 (base 6) in base 12?
8944
What is 111111000 (base 2) in base 7?
1320
Convert 